 + 69. Let y be 4*(1/(-2) + 1). Suppose 120 + h = 3*v + 4*w, 0 = -4*v - y*w + 252. List the prime factors of v.
3, 7
What are the prime factors of (147680/(-120))/(2/(-3))?
2, 13, 71
Let q(x) = 120*x. Suppose 0 = -m + 4*m - 12, -3*r + 3*m = 9. What are the prime factors of q(r)?
2, 3, 5
Let q(x) = x + 42. Let k be 0/((-1)/(3/6)). List the prime factors of q(k).
2, 3, 7
Let b = -107 + 57. Let c be (-3)/2*b/15. Suppose -131 = -2*w - c. What are the prime factors of w?
3, 7
Let b = 132 + -33. Let x = 158 - b. What are the prime factors of x?
59
Let n(z) = 7*z - 50. Let u be n(8). Suppose -s - 5*b + 114 + u = 0, -3*s + 3*b = -324. What are the prime factors of s?
2, 5, 11
Let g = 417 + -53. List the prime factors of g.
2, 7, 13
Suppose -5*m - 605 = -2*g, -2*g + 640 = -0*g + 2*m. List the prime factors of g/10*(-6)/(-3).
3, 7
Let q(h) be the second derivative of 7*h**5/60 + h**4/24 - h**3/3 + h**2/2 + 5*h. Let d(z) be the first derivative of q(z). What are the prime factors of d(-2)?
2, 3
Let y(d) = d**3 + 9*d**2 - 5*d - 11. Let r(m) = 2*m - 17. Let t be r(4). What are the prime factors of y(t)?
2, 17
Suppose 0*t + 4*t + 5*v = 17, 0 = -3*v + 15. List the prime factors of t/(-4) + (-394)/(-4).
3, 11
Let p(b) = 3*b - 1 + 3 + 5 - 4. Suppose 2*u + 6 = 3*u. What are the prime factors of p(u)?
3, 7
Let i(r) = 10*r**2 - 32*r + 166. What are the prime factors of i(15)?
2, 11
Let o(p) = -9*p**2 - 35*p - 24. Let j(c) = 5*c**2 + 18*c + 12. Let y(u) = 11*j(u) + 6*o(u). Let d be y(12). Let s = d + 14. List the prime factors of s.
2
Let s(k) = 4*k**2 - 16*k + 5. What are the prime factors of s(21)?
1433
Suppose 13*g + 48 = 29*g. Let u(v) = -v**3 - 3*v**2 - 9. Let o(k) = -k**2 - 1. Let z(j) = 5*o(j) - u(j). List the prime factors of z(g).
13
Let n = 98 + -55. Let o = n - -5. What are the prime factors of o?
2, 3
Let q(d) = 4*d - 11. Let r be q(5). List the prime factors of 1 + 2 + r + 156.
2, 3, 7
Let x = 4 - -3. Suppose z - 16 + x = -p, 5*z = 3*p - 27. Suppose 0 = 4*i + p - 89. What are the prime factors of i?
2, 5
Suppose 14*h = 9*h + 2*f + 1902, 4*h + 3*f = 1540. List the prime factors of h.
2, 191
Let s = -333 + 3454. List the prime factors of s.
3121
Let u be (12/(-8))/((-3)/6). Let w be 3 - 51/((-9)/u). Let o = -6 + w. List the prime factors of o.
2, 7
Suppose -5*n + 40 - 14 = -t, 0 = 4*t + 4. Suppose -2*o - 4 = -2, n*o = -4*b - 41. Let g = b - -41. What are the prime factors of g?
2
Let o(f) = 2*f**2 + 34*f + 16. Let a(u) = -u**2 + 10*u + 18. Let g be a(13). What are the prime factors of o(g)?
2, 23
Let x(r) be the first derivative of 2*r**3/3 - 11*r**2/2 - 34*r - 16. List the prime factors of x(12).
2, 61
Suppose 0*o = -y - 3*o - 11, -o = 0. Let l = 16 + y. What are the prime factors of l?
5
Let v(o) = -o**3 + 3*o**2 + 2*o - 2. Let c be v(3). Let l be (-1 + 139)*(-11)/(-33). Suppose 0*x - x = 2, 0 = -c*y + 5*x + l. List the prime factors of y.
3
Suppose -2*u = 3*u - 50. Let k be u - 8 - (-1 - 105). Suppose 0 = 7*t - 9*t + k. List the prime factors of t.
2, 3
Suppose 12 = 55*u - 57*u. List the prime factors of (-1 - (-1250)/u)/(12/(-18)).
2, 157
Suppose 0 = -5*x, c + 3*x + 0 = 2. Suppose 2*l = 4*u - 2*l - 20, 0 = c*u - 5*l - 25. Suppose 2*b + 3 - 47 = u. List the prime factors of b.
2, 11
Let d(m) be the first derivative of -m**6/360 + m**5/12 - m**4/2 + m**3 - 6. Let h(g) be the third derivative of d(g). What are the prime factors of h(8)?
2
Suppose 7*f + 297 = 40*f. List the prime factors of f.
3
Suppose 0 = -2*g + g. Let n be 1/(-4) + (-27)/(-12). Suppose -4*q - n + 106 = g. What are the prime factors of q?
2, 13
Suppose 1 = 5*p + r + 17, -3*r = 4*p + 4. Let o(u) = u**3 + u + 5 + 2 - 5 + 6*u**2. What are the prime factors of o(p)?
2, 3, 5
Let l = 70 - 40. Suppose l = x - 1. List the prime factors of x.
31
Let m = 21 - 22. Let c be (-2 + m)*1 - -3. Suppose c = -8*h + 3*h + 105. List the prime factors of h.
3, 7
Suppose 0 = 3*n + 1534 - 7612. List the prime factors of n.
2, 1013
Let t(k) = -k**2 - 13*k - 3. Let f be t(-12). Let o = 11 - f. Suppose -5*d + 30 = -o*d. List the prime factors of d.
2, 5
Suppose 15 = 3*x - 2*o - 8, 26 = 4*x + 2*o. Suppose 29 = 5*n + 19. Suppose n*a - x*a = -50. What are the prime factors of a?
2, 5
Let q(v) = -v**3 + 9*v**2 + 11*v - 5. Let d be q(10). Suppose -5*o + 140 = p, -d*o + 38 = -3*o + 4*p. List the prime factors of o.
29
What are the prime factors of 144 - (-28)/35*-5?
2, 5, 7
Let k be (-2 - -1) + (8 - -19). Let m = -89 + k. Let j = m - -106. What are the prime factors of j?
43
List the prime factors of 2/13 + (-2)/(26/(-41689)).
3, 1069
Let z(m) = m**3 - 18*m**2 + 20*m. Let x be z(18). Suppose x - 124 = 4*l. What are the prime factors of l?
59
Let b = -973 - -1740. What are the prime factors of b?
13, 59
Suppose -o + 40 = 4*o. Suppose 0 - o = -2*v. Suppose -v + 10 = 3*y. List the prime factors of y.
2
Suppose -t = -107 + 39. Let s = 224 + -224. Suppose 4*j = 4*c - s*j - 96, t = 4*c + 3*j. What are the prime factors of c?
2, 5
Suppose -3*g = 5*j - 7*g + 6, -j + 18 = 4*g. List the prime factors of j + (-224)/(-10) - 21/(-35).
5
List the prime factors of -8*((-273)/14 + -7).
2, 53
Suppose 4*q - 30 = 2*a, 6*a + 40 = a + 3*q. Let h(f) = -f**3 - 3*f**2 + 2*f + 6. What are the prime factors of h(a)?
2, 23
Let w(a) = -7*a - 6. Let d(p) = p - 7 - 7*p + 2*p - 4*p. Let m(r) = -6*d(r) + 7*w(r). List the prime factors of m(-11).
11
Suppose -5*r + 13425 = 47*a - 51*a, 10751 = 4*r - a. List the prime factors of r.
2689
Let h be -3 - -10*2/4. Let i be 1*(h + -1)*3. Let p = 17 - i. List the prime factors of p.
2, 7
Let g = 324 - 12. Suppose g = 3*w + w. List the prime factors of w.
2, 3, 13
Let w(d) = -50*d + 1. Let k(s) = 101*s - 2. Let b(l) = -6*k(l) - 13*w(l). List the prime factors of b(6).
263
Let b = 251 - -8. What are the prime factors of b?
7, 37
Let o(v) = v - 5*v + v - 1 + 0*v. Let j be o(-1). Suppose -2*w + 58 = j*g - 2, 4*w = -3*g + 118. What are the prime factors of w?
2, 7
Let j(t) = -2*t - 35. Let r be ((-114)/9)/(-1 - (-10)/6). List the prime factors of j(r).
3
Suppose -4*q = 5*r - 358, r = 6*r - q - 373. What are the prime factors of r?
2, 37
Let h = 415 - 225. What are the prime factors of h?
2, 5, 19
Let w(t) = -5*t**2 - 4*t - 7*t**2 + 14*t**2 - t**2 - 8. Let q = -3 - 4. List the prime factors of w(q).
3, 23
Let w(u) = -30*u**3 - 3*u + 2. Let f be w(1). Let k = -1 - f. List the prime factors of k.
2, 3, 5
Let o be 28/42 + 8/6 + 1. Let a(q) = 15*q - 9. List the prime factors of a(o).
2, 3
Let w = -138 - -890. List the prime factors of w.
2, 47
Let s(a) = -a**2 + 3*a - 6. Suppose -p + 12 = 6. Let b be s(p). List the prime factors of b/6*4*-1.
2
Suppose 17*s = 21*s - 16. Suppose s*d = 268 - 112. List the prime factors of d.
3, 13
Let f = -6 - -30. Suppose 0 = 3*c - 96 + f. List the prime factors of c.
2, 3
Suppose 3*i - 11 = -2. Let x = -19 + 43. Let b = x + i. What are the prime factors of b?
3
Suppose 5*y - 10 = 0, 2*u + 9*y - 3532 = 5*y. What are the prime factors of u?
2, 881
Suppose -2*r + 5*r = o + 6615, -4*r + 5*o + 8809 = 0. List the prime factors of r.
2, 1103
Let c be ((-4)/1 + 3)*0. Suppose c = 9*h - 11*h + 32. What are the prime factors of h?
2
Let u(s) be the second derivative of -5*s**3/3 - 2*s**2 - 24*s. List the prime factors of u(-4).
2, 3
Suppose -2*t = 3*y - 10, -3*t + 19 = 2*y + 4. Suppose 0*u + 5*u - 685 = -t*n, 0 = -4*n - 2*u + 538. Suppose -6*f + n = -0*f. What are the prime factors of f?
2, 11
Let d(p) = 8*p**3 - p**2 + 8*p - 17. Let r be d(4). What are the prime factors of (r/146)/((6/116)/3)?
7, 29
Let i = 1250 - 98. What are the prime factors of i?
2, 3
Let h be ((-12)/(-24))/(1/2). List the prime factors of (-1437)/(-21) - ((-22)/14 + h).
3, 23
Let u = 11 - -17. List the prime factors of (154/u)/(0 - 2/(-68)).
11, 17
Suppose 95*r = 93*r + 2546. List the prime factors of r.
19, 67
Suppose -v + 41 = -3*b - 22, -5*b = 2*v - 115. Let g = -286 + 290. What are the prime factors of 9/(27/v) + g?
2, 3
Let i(j) be the first derivative of -j**3/3 - 21*j**2/2 + 12*j - 17. What are the prime factors of i(-16)?
2, 23
List the prime factors of 64/(-30) + 6/45 + 809.
3, 269
Let c(v) = 49*v**2 + 12*v - 11. List the prime factors of c(-5).
2, 577
Let i(x) = x**3 + 3*x**2 + 2*x - 2. Let l be i(-2). Let k